{"id":59,"date":"2014-10-08T15:21:21","date_gmt":"2014-10-08T15:21:21","guid":{"rendered":"http:\/\/izp.mojpr.com\/?page_id=59"},"modified":"2014-10-08T15:21:21","modified_gmt":"2014-10-08T15:21:21","slug":"video-right-2","status":"publish","type":"page","link":"http:\/\/izp.tapavicki.com\/?page_id=59","title":{"rendered":"Video Right"},"content":{"rendered":"<div class=\"video-wrap video_right\"><div class=\"video-main\">\r\n\t<div class=\"video-frame\">\n<iframe src=\"http:\/\/www.youtube.com\/embed\/rV6wRZRDci0\" title=\"\" width=\"572\" height=\"312\"><\/iframe>\n<\/div><!-- END video-frame -->\r\n<\/div><!-- END video-main -->\n<div class=\"video-sub\">\n<h2>Video Layout Shortcode<\/h2>\n<p>Vivamus sagittis lacus vel augue laoreet rutrum faucibus dolor auctor. Lorem ipsum dolor sit amet, consectetur adipiscing elit. Vivamus sagittis lacus vel augue laoreet rutrum faucibus dolor auctor. Donec ullamcorper nulla non metus auctor fringilla.<\/p>\n<p style=\"text-align:;\"><a class=\"ka_button tt_ medium_button medium_saffronblue\" target=\"_self\" title=\"\" href=\"http:\/\/themeforest.net\/item\/karma-clean-and-modern-wordpress-theme\/168737?ref=TrueThemes\">Buy this theme<\/a><\/p>\n<\/div><!-- END video-sub --><br class=\"clear\" \/><\/div><!-- END video-wrap -->\n<h6 class=\"heading-horizontal\" style=\"margin:20px 0 40px 0;\"><span>services we offer:<\/span><\/h6>\n<div class=\"one_fourth tt-column\">\n<div class=\"true-icon-box tt_  LQWmddCW\"><span class=\"fa-stack fa-4x\"><i class=\"fa fa-circle fa-stack-2x\"><\/i><i class=\"fa fa-thumbs-o-up fa-stack-1x fa-inverse\"><\/i><\/span>\n<h4>Service 1<\/h4>\n<\/div>\n<p>Vivamus sagittis lacus vel augue laoreet rutrum faucibus dolor auctor. Cras mattis consectetur purus sit amet fermentum.<\/p>\n<\/div>\n<div class=\"one_fourth tt-column\">\n<div class=\"true-icon-box tt_  mBytKodM\"><span class=\"fa-stack fa-4x\"><i class=\"fa fa-circle fa-stack-2x\"><\/i><i class=\"fa fa-font fa-stack-1x fa-inverse\"><\/i><\/span>\n<h4>Service 2<\/h4>\n<\/div>\n<p>Vivamus sagittis lacus vel augue laoreet rutrum faucibus dolor auctor. Cras mattis consectetur purus sit amet fermentum.<br \/>\n<\/div>\n<div class=\"one_fourth tt-column\">\n<div class=\"true-icon-box tt_  srgxmzqc\"><span class=\"fa-stack fa-4x\"><i class=\"fa fa-circle fa-stack-2x\"><\/i><i class=\"fa fa-user fa-stack-1x fa-inverse\"><\/i><\/span>\n<h4>Service 3<\/h4>\n<\/div>\n<p>Vivamus sagittis lacus vel augue laoreet rutrum faucibus dolor auctor. Cras mattis consectetur purus sit amet fermentum.<br \/>\n<\/div>\n<div class=\"one_fourth_last tt-column\">\n<div class=\"true-icon-box tt_  GuZRtSHB\"><span class=\"fa-stack fa-4x\"><i class=\"fa fa-circle fa-stack-2x\"><\/i><i class=\"fa fa-users fa-stack-1x fa-inverse\"><\/i><\/span>\n<h4>Service 4<\/h4>\n<\/div>\n<p>Vivamus sagittis lacus vel augue laoreet rutrum faucibus dolor auctor. Cras mattis consectetur purus sit amet fermentum.<br \/>\n<\/div><br class=\"clear\" \/>\n<div class=\"hr_gap\" style=\"height:30px;\"><\/div>\n<div class=\"callout-wrap\"><span>The contact form below was created in less than 2 minutes using Karma&#8217;s powerful Form Builder. Contact forms can be inserted into any area of your website including pages, posts, footer and sidebar regions. This form below is for demo purposes only and will mail out to our auto-response system.<\/span><\/div><!-- END callout-wrap --><br class=\"clear\" \/>\r\n\n<div class=\"hr_gap\" style=\"height:30px;\"><\/div>\n<div class=\"one_half tt-column\">\n<h4>Contact Form Shortcode:<\/h4>\n<div role='form' id='contact-form-59'>\n<form action='#tt-contact-notify' method='post' class='contact-form commentsblock'>\n\n\n<div>\n\t\t<label for='59-name' class='name'>Name<span>(required)<\/span><\/label>\n\t\t<input type='text' name='59-name' id='59-name' value='' class='name'\/>\n\t<\/div>\n\n\n<div>\n\t\t<label for='59-email' class='grunion-field-label email'>Email<span>(required)<\/span><\/label>\n\t\t<input type='text' name='59-email' id='59-email' value='' class='email'\/>\n\t<\/div>\n\n\n<div>\n\t\t<label for='59-comment' class='textarea'>Comment<span>(required)<\/span><\/label>\n\t\t<textarea name='59-comment' id='contact-form-comment-59-comment' rows='20'><\/textarea>\n\t<\/div>\n\n\t<p class='contact-submit'>\n\t\t<input type='submit' value='SUBMIT' class='ka-form-submit'\/>\n\t\t<input type=\"hidden\" id=\"_wpnonce\" name=\"_wpnonce\" value=\"9b62cba0ea\" \/><input type=\"hidden\" name=\"_wp_http_referer\" value=\"\/index.php?rest_route=%2Fwp%2Fv2%2Fpages%2F59\" \/>\n\t\t<input type='hidden' name='contact-form-id' value='59' \/>\n\t<\/p>\n<\/form>\n<\/div>\n<\/div>\n<div class=\"one_half_last tt-column\">\n<h4>Blogpost Shortcode:<\/h4>\n<div class=\"blog-posts-shortcode-outer-wrap tt_\"><ul class=\"tt-recent-posts\"><li><a class=\"tt-recent-post-link\" title=\"ZAKLJU\u010cCI 7. Me\u0111unarodne \u201cEx\u201d Tribine PDF\" href=\"http:\/\/izp.tapavicki.com\/?p=471\"><img src=\"http:\/\/izp.tapavicki.com\/wp-content\/themes\/karma\/framework\/extended\/timthumb\/timthumb.php?src=http:\/\/www.atex.ba\/extern\/news\/atex2014.jpg&amp;h=65&amp;w=65\" alt=\"ZAKLJU\u010cCI 7. Me\u0111unarodne \u201cEx\u201d Tribine PDF\" class=\"tt-blog-sc-img\" \/><h4>ZAKLJU\u010cCI 7. Me\u0111unarodne \u201cEx\u201d Tribine PDF<\/h4><p>Na osnovu izlo\u017eenih radova, komentara, diskusija i okruglih stolova na sedmoj me\u0111unarodn...<\/p><\/a><\/li><li><a class=\"tt-recent-post-link\" title=\"Ispitivanje relavantnih osobina eksplozivnih pra\u0161ina\" href=\"http:\/\/izp.tapavicki.com\/?p=456\"><span class=\"tt-blog-placeholder tt-blog-default tt-blog-sc-img\">&nbsp;<\/span><h4>Ispitivanje relavantnih osobina eksplozivnih pra\u0161ina<\/h4><p>O eksplozivnosti pra\u0161ina bilo je ve\u0107 govora u mnogim literaturnim podacima, pa i u na\u0161e...<\/p><\/a><\/li><li><a class=\"tt-recent-post-link\" title=\"Obuka za voza\u010de i rukovaoce opasnim teretom\" href=\"http:\/\/izp.tapavicki.com\/?p=313\"><img src=\"http:\/\/izp.tapavicki.com\/wp-content\/uploads\/2014\/10\/adr-65x65.jpg\" alt=\"Obuka za voza\u010de i rukovaoce opasnim teretom\" class=\"tt-blog-sc-img\" \/><h4>Obuka za voza\u010de i rukovaoce opasnim teretom<\/h4><p>INSTITUT prima prijave za ADR\/RID obuku za voza\u010de i rukovaoce opasnim teretom koja je pla...<\/p><\/a><\/li><\/ul><\/div><br class=\"clear\" \/>\n<\/div><br class=\"clear\" \/>","protected":false},"excerpt":{"rendered":"<p>INSTITUT prima prijave za ADR\/RID obuku za voza\u010de i rukovaoce opasnim teretom koja je planirana da se odr\u017ei od 09. do 13 juna 2014. godine u ZRENJANINU, u sali za sastanke NIS SERVISNI CENTAR ZRENJANIN, Lazareva\u010dki put bb. Kandidati koji \u017eele poha\u0111ati obuku moraju poslati li\u010dne podatke sa prijavom najkasnije do 05.06.2014. god. (\u010detvrtak) na slede\u0107i e-mail: laslo.poljak@izp.rs. Ispit za voza\u010de \u0107e biti odr\u017ean 26.06.2014. godine u 9 h, u Upravi za transport opasnog tereta u Beogradu, Omladinskih brigada br. &#8230;<\/p>","protected":false},"author":1,"featured_media":0,"parent":0,"menu_order":0,"comment_status":"open","ping_status":"open","template":"template-full-width.php","meta":[],"featured_image_src":null,"featured_image_src_square":null,"_links":{"self":[{"href":"http:\/\/izp.tapavicki.com\/index.php?rest_route=\/wp\/v2\/pages\/59"}],"collection":[{"href":"http:\/\/izp.tapavicki.com\/index.php?rest_route=\/wp\/v2\/pages"}],"about":[{"href":"http:\/\/izp.tapavicki.com\/index.php?rest_route=\/wp\/v2\/types\/page"}],"author":[{"embeddable":true,"href":"http:\/\/izp.tapavicki.com\/index.php?rest_route=\/wp\/v2\/users\/1"}],"replies":[{"embeddable":true,"href":"http:\/\/izp.tapavicki.com\/index.php?rest_route=%2Fwp%2Fv2%2Fcomments&post=59"}],"version-history":[{"count":0,"href":"http:\/\/izp.tapavicki.com\/index.php?rest_route=\/wp\/v2\/pages\/59\/revisions"}],"wp:attachment":[{"href":"http:\/\/izp.tapavicki.com\/index.php?rest_route=%2Fwp%2Fv2%2Fmedia&parent=59"}],"curies":[{"name":"wp","href":"https:\/\/api.w.org\/{rel}","templated":true}]}}