{"id":356,"date":"2014-10-14T09:58:26","date_gmt":"2014-10-14T09:58:26","guid":{"rendered":"http:\/\/izp.mojpr.com\/?page_id=356"},"modified":"2020-02-26T07:29:25","modified_gmt":"2020-02-26T07:29:25","slug":"strucne-tribine","status":"publish","type":"page","link":"http:\/\/izp.tapavicki.com\/?page_id=356","title":{"rendered":"Stru\u010dne tribine"},"content":{"rendered":"<p>Institut za preventivu Novi Sad organizuje osmu po redu me\u0111unarodnu &#8220;Ex tribinu&#8221;, savetovanje koje po tradiciji okuplja eminentne stru\u010dnjake iz oblasti protiv eksplozivne za\u0161tite, za\u0161tite od po\u017eara, bezbednosti i zdravlja na radu i za\u0161tite \u017eivotne sredine. Ovogodi\u0161nji cilj odr\u017eavanja &#8220;Ex tribine&#8221; je da se svi zainteresovani upoznaju sa novinama i pravcima razvoja protiv eksplozivne (Ex) za\u0161tite u svetu, kako na polju primene novih propisa tako i na polju kori\u0161\u0107enja nove, prilago\u0111ene i adekvatne opreme kroz sveobuhvatni pristup za\u0161titi od eksplozije u slede\u0107im oblastima:<\/p>\n<div class=\"modern_img_frame modern_banner_regular tt_\"><div class=\"img-preload\"><img src='http:\/\/izp.tapavicki.com\/wp-content\/themes\/karma\/framework\/extended\/timthumb\/timthumb.php?src=\/wp-content\/uploads\/2014\/10\/1304771_89122901.jpg&amp;h=201&amp;w=703' alt='' class=\"attachment-fadeIn\" \/><\/div><\/div>\n<ul class=\"list list4 \">\n<li>za\u0161tita od po\u017eara i eksplozije sa akcentom na nove propise:<\/li>\n<li>bezbednost i zdravlje na radu u prostorima ugro\u017eenim eksplozivnom atmosferom sa akcentom na nove propise:<\/li>\n<li>za\u0161tita \u017eivotne sredine i akcidenti pra\u0107eni eksplozijom, sa posebnim akcentom na nove propise:<\/li>\n<\/ul>\n<p>Vi\u0161e detalja o tribini i na\u010dinu prijavljivanja nalazi se u pozivu za u\u010de\u0161\u0107e koji se nalazi u\u00a0prilogu.<\/p>\n<h6 class=\"heading-horizontal\" style=\"margin:20px 0 20px 0;\"><span>Prilozi:<\/span><\/h6>\n","protected":false},"excerpt":{"rendered":"<p>Institut za preventivu Novi Sad organizuje osmu po redu me\u0111unarodnu &#8220;Ex tribinu&#8221;, savetovanje koje po tradiciji okuplja eminentne stru\u010dnjake iz oblasti protiv eksplozivne za\u0161tite, za\u0161tite od po\u017eara, bezbednosti i zdravlja na radu i za\u0161tite \u017eivotne sredine. Ovogodi\u0161nji cilj odr\u017eavanja &#8220;Ex tribine&#8221; je da se svi zainteresovani upoznaju sa novinama i pravcima razvoja protiv eksplozivne (Ex) za\u0161tite u svetu, kako na polju primene novih propisa tako i na polju kori\u0161\u0107enja nove, prilago\u0111ene i adekvatne opreme kroz sveobuhvatni pristup za\u0161titi od eksplozije &#8230;<\/p>","protected":false},"author":1,"featured_media":0,"parent":323,"menu_order":0,"comment_status":"open","ping_status":"closed","template":"template_leftnav.php","meta":[],"featured_image_src":null,"featured_image_src_square":null,"_links":{"self":[{"href":"http:\/\/izp.tapavicki.com\/index.php?rest_route=\/wp\/v2\/pages\/356"}],"collection":[{"href":"http:\/\/izp.tapavicki.com\/index.php?rest_route=\/wp\/v2\/pages"}],"about":[{"href":"http:\/\/izp.tapavicki.com\/index.php?rest_route=\/wp\/v2\/types\/page"}],"author":[{"embeddable":true,"href":"http:\/\/izp.tapavicki.com\/index.php?rest_route=\/wp\/v2\/users\/1"}],"replies":[{"embeddable":true,"href":"http:\/\/izp.tapavicki.com\/index.php?rest_route=%2Fwp%2Fv2%2Fcomments&post=356"}],"version-history":[{"count":10,"href":"http:\/\/izp.tapavicki.com\/index.php?rest_route=\/wp\/v2\/pages\/356\/revisions"}],"predecessor-version":[{"id":380,"href":"http:\/\/izp.tapavicki.com\/index.php?rest_route=\/wp\/v2\/pages\/356\/revisions\/380"}],"up":[{"embeddable":true,"href":"http:\/\/izp.tapavicki.com\/index.php?rest_route=\/wp\/v2\/pages\/323"}],"wp:attachment":[{"href":"http:\/\/izp.tapavicki.com\/index.php?rest_route=%2Fwp%2Fv2%2Fmedia&parent=356"}],"curies":[{"name":"wp","href":"https:\/\/api.w.org\/{rel}","templated":true}]}}