{"id":320,"date":"2014-10-14T09:19:26","date_gmt":"2014-10-14T09:19:26","guid":{"rendered":"http:\/\/izp.mojpr.com\/?page_id=320"},"modified":"2020-02-27T17:11:19","modified_gmt":"2020-02-27T17:11:19","slug":"tehnicki-pregledi-objekata-i-legalizacija","status":"publish","type":"page","link":"http:\/\/izp.tapavicki.com\/?page_id=320","title":{"rendered":"Tehni\u010dki pregledi objekata i legalizacija"},"content":{"rendered":"<p>Institut za preventivu vr\u0161i poslove tehni\u010dkog pregleda objekata u gradu Novom Sadu, Ba\u010dkoj Palanci i drugim op\u0161tinama. Ukoliko je investitor sa teritorije neke druge op\u0161tine, a \u017eeli da mi budemo vr\u0161ioci tehni\u010dkog pregleda izgra\u0111enog objekta, potrebno je da se obrati organu koji je izdao odobrenje za gradnju (gra\u0111evinsku dozvolu), sa zahtevom da na\u0161a ku\u0107a izvr\u0161i tehni\u010dki pregled izgra\u0111enog objekta.<\/p>","protected":false},"excerpt":{"rendered":"<p>Institut za preventivu vr\u0161i poslove tehni\u010dkog pregleda objekata u gradu Novom Sadu, Ba\u010dkoj Palanci i drugim op\u0161tinama. Ukoliko je investitor sa teritorije neke druge op\u0161tine, a \u017eeli da mi budemo vr\u0161ioci tehni\u010dkog pregleda izgra\u0111enog objekta, potrebno je da se obrati organu koji je izdao odobrenje za gradnju (gra\u0111evinsku dozvolu), sa zahtevom da na\u0161a ku\u0107a izvr\u0161i tehni\u010dki pregled izgra\u0111enog objekta.<\/p>","protected":false},"author":1,"featured_media":0,"parent":568,"menu_order":0,"comment_status":"open","ping_status":"closed","template":"template_leftnav.php","meta":[],"featured_image_src":null,"featured_image_src_square":null,"_links":{"self":[{"href":"http:\/\/izp.tapavicki.com\/index.php?rest_route=\/wp\/v2\/pages\/320"}],"collection":[{"href":"http:\/\/izp.tapavicki.com\/index.php?rest_route=\/wp\/v2\/pages"}],"about":[{"href":"http:\/\/izp.tapavicki.com\/index.php?rest_route=\/wp\/v2\/types\/page"}],"author":[{"embeddable":true,"href":"http:\/\/izp.tapavicki.com\/index.php?rest_route=\/wp\/v2\/users\/1"}],"replies":[{"embeddable":true,"href":"http:\/\/izp.tapavicki.com\/index.php?rest_route=%2Fwp%2Fv2%2Fcomments&post=320"}],"version-history":[{"count":3,"href":"http:\/\/izp.tapavicki.com\/index.php?rest_route=\/wp\/v2\/pages\/320\/revisions"}],"predecessor-version":[{"id":453,"href":"http:\/\/izp.tapavicki.com\/index.php?rest_route=\/wp\/v2\/pages\/320\/revisions\/453"}],"up":[{"embeddable":true,"href":"http:\/\/izp.tapavicki.com\/index.php?rest_route=\/wp\/v2\/pages\/568"}],"wp:attachment":[{"href":"http:\/\/izp.tapavicki.com\/index.php?rest_route=%2Fwp%2Fv2%2Fmedia&parent=320"}],"curies":[{"name":"wp","href":"https:\/\/api.w.org\/{rel}","templated":true}]}}