{"id":295,"date":"2014-10-11T09:42:58","date_gmt":"2014-10-11T09:42:58","guid":{"rendered":"http:\/\/izp.mojpr.com\/?page_id=295"},"modified":"2020-02-27T16:55:02","modified_gmt":"2020-02-27T16:55:02","slug":"akreditovana-tela","status":"publish","type":"page","link":"http:\/\/izp.tapavicki.com\/?page_id=295","title":{"rendered":"Akreditovana tela"},"content":{"rendered":"<div class=\"one_half tt-column\">\n<div class=\"true-icon-box tt_  QFUDPmTY\"><span class=\"fa-stack fa-4x\"><i class=\"fa fa-circle fa-stack-2x\"><\/i><i class=\"fa fa-twitter fa-stack-1x fa-inverse\"><\/i><\/span>\n<h3>Akreditovana laboratorija<\/h3>\n<p>Poseban deo na\u0161eg preduze\u0107a \u010dini <strong>Akreditovana laboratorija<\/strong> u okviru koje egzistira laboratorija za\u00a0<strong>ispitivanje elektro opreme i ure\u0111aja u \u201cEx\u201d izvedbi \u2013 \u201cEx\u201d<\/strong> laboratorija, kao i laboratorija za\u00a0<strong>ispitivanje buke, emisije \u0161tetnih i opasnih materija u \u017eivotnu sredinu <\/strong><strong>i laboratorija za <\/strong><strong>ispitivanje stabilnih posuda pod pritiskom<\/strong>.<\/p>\n<\/div>\n<\/div>\n<div class=\"one_half_last tt-column\">\n<div class=\"true-icon-box tt_  tfdUqAow\"><span class=\"fa-stack fa-4x\"><i class=\"fa fa-circle fa-stack-2x\"><\/i><i class=\"fa fa-facebook fa-stack-1x fa-inverse\"><\/i><\/span>\n<h3>Akreditovano kontrolno telo<\/h3>\n<p>Kontrolno telo poseduje Sertifikat o akreditaciji broj 06-013, izdat od strane Akreditacionog tela Srbije, na osnovu SRP S ISO\/IEC 17020: 2002.<\/p>\n<p style=\"text-align:;\"><a class=\"ka_button tt_ small_button small_coolblue\" title=\"\" href=\"\/o-nama\/ovlascenja\/akreditovana-tela\/\">Vi\u0161e<\/a><\/p>\n<\/div>\n<\/div><br class=\"clear\" \/>\n<div class=\"one_half tt-column\">\n<\/div>\n<div class=\"one_half_last tt-column\">\n<div class=\"true-icon-box tt_  hkUPKOLy\"><span class=\"fa-stack fa-4x\"><i class=\"fa fa-circle fa-stack-2x\"><\/i><i class=\"fa fa-pinterest fa-stack-1x fa-inverse\"><\/i><\/span>\n<h3>Akreditovano sertifikaciono telo<\/h3>\n<p>Sertifikaciono telo Instituta za preventivu vr\u0161i ocenu usagla\u0161enosti proizvoda sa referentnim propisima po\u0161tuju\u0107i zahteve za tela koja sprovode sisteme sertifikacije proizvoda odnosno SRP S EN 45011 (ISO\/IEC Upustvo 65), \u0161to je i potvr\u0111eno Sertifikatom o akreditacji broj 04-010 Akreditacionog tela Srbije.<\/p>\n<\/div>\n<\/div><br class=\"clear\" \/>","protected":false},"excerpt":{"rendered":"Akreditovana laboratorija Poseban deo na\u0161eg preduze\u0107a \u010dini Akreditovana laboratorija u okviru koje egzistira laboratorija za\u00a0ispitivanje elektro opreme i ure\u0111aja u \u201cEx\u201d izvedbi \u2013 \u201cEx\u201d laboratorija, kao i laboratorija za\u00a0ispitivanje buke, emisije \u0161tetnih i opasnih materija u \u017eivotnu sredinu i laboratorija za ispitivanje stabilnih posuda pod pritiskom. Akreditovano kontrolno telo Kontrolno telo poseduje Sertifikat o akreditaciji [...]","protected":false},"author":1,"featured_media":0,"parent":548,"menu_order":0,"comment_status":"open","ping_status":"closed","template":"template_leftnav.php","meta":[],"featured_image_src":null,"featured_image_src_square":null,"_links":{"self":[{"href":"http:\/\/izp.tapavicki.com\/index.php?rest_route=\/wp\/v2\/pages\/295"}],"collection":[{"href":"http:\/\/izp.tapavicki.com\/index.php?rest_route=\/wp\/v2\/pages"}],"about":[{"href":"http:\/\/izp.tapavicki.com\/index.php?rest_route=\/wp\/v2\/types\/page"}],"author":[{"embeddable":true,"href":"http:\/\/izp.tapavicki.com\/index.php?rest_route=\/wp\/v2\/users\/1"}],"replies":[{"embeddable":true,"href":"http:\/\/izp.tapavicki.com\/index.php?rest_route=%2Fwp%2Fv2%2Fcomments&post=295"}],"version-history":[{"count":5,"href":"http:\/\/izp.tapavicki.com\/index.php?rest_route=\/wp\/v2\/pages\/295\/revisions"}],"predecessor-version":[{"id":586,"href":"http:\/\/izp.tapavicki.com\/index.php?rest_route=\/wp\/v2\/pages\/295\/revisions\/586"}],"up":[{"embeddable":true,"href":"http:\/\/izp.tapavicki.com\/index.php?rest_route=\/wp\/v2\/pages\/548"}],"wp:attachment":[{"href":"http:\/\/izp.tapavicki.com\/index.php?rest_route=%2Fwp%2Fv2%2Fmedia&parent=295"}],"curies":[{"name":"wp","href":"https:\/\/api.w.org\/{rel}","templated":true}]}}